 = -25 + y. What is the greatest common divisor of 11 and q?
11
Suppose w - 3*m = 91, 2*w - 264 = -5*m - 104. Let v(y) = 1256*y + 2517. Let k be v(-2). What is the greatest common divisor of k and w?
5
Let r be 115*453/1510*(-1 - (-37)/3). What is the greatest common divisor of 23 and r?
23
Let i(z) = 13*z**2 - 19*z - 198. Let d be i(11). Calculate the highest common divisor of d and 53.
53
Let g be -2*4*(-2)/184 + 9163/161. What is the greatest common divisor of g and 1026?
57
Let a(k) = k**3 + 6*k**2 - 17*k + 19. Suppose -18*y = -21*y + 24. Let b be y*(-2 - (-1 + 0)). Let x be a(b). What is the highest common divisor of x and 297?
27
Let g be (-2 + (-12)/(-9))*-6. Let n(o) = -43 - 31 - 63*o - 84 + 68*o. Let c be n(38). What is the greatest common divisor of c and g?
4
Suppose 2*x - 6*x + 2*r + 62 = 0, 2*x = 5*r + 27. Let u = -43 + x. Let o be -2*(-4)/8 - u. What is the highest common divisor of o and 56?
28
Suppose 10*v - 5*v - 55 = 0. Let k = -235 + 471. Suppose 3*q - k = -5*j + 146, 4*q = 3*j - 235. What is the highest common divisor of v and j?
11
Let s(t) = 22*t + 3411. Let i be s(-123). What is the greatest common divisor of 2 and i?
1
Suppose 0 = -4*z + z + 6. Let b(m) = m**2 - 9*m - 14. Let s be b(-4). Let p be (s/(-8) - (-1)/z)*-8. What is the highest common factor of p and 51?
17
Suppose -178*m + 175*m + 264 = 0. Suppose 278 = n + t, -3*t + 0 = -6. Let w be 6/(-51) - n/(-34). What is the highest common divisor of w and m?
8
Suppose -508 = 9*i - 13*i. Let b = -106 + i. Calculate the greatest common divisor of 210 and b.
21
Let w(x) = 18*x - 354. Let q be w(23). Calculate the highest common factor of q and 15.
15
Suppose 28 + 26 = 9*w. Let p(s) = 2*s**2 - 9*s + 4. Let g be p(w). Let t = g - 10. What is the greatest common factor of t and 36?
12
Let m(k) = -2*k**2 + 6*k + 1. Let r be m(-4). Let d = -58 - r. Let l be 30 - (-3*2)/d. What is the greatest common factor of 70 and l?
14
Let d = 37718 - 37662. What is the greatest common factor of 854 and d?
14
Let s = -3623 + 3840. Calculate the greatest common factor of s and 105.
7
Let z(k) = -9*k**2 + 13 + 2*k - 3*k + k**3 - 3*k + 3*k. Let l be z(9). Suppose -x + 0 = -l. What is the greatest common divisor of x and 6?
2
Let z = -1660 + 1724. Calculate the highest common factor of z and 512.
64
Let r(q) = -2*q - 2 + 6*q - 5*q + 12. Let k be r(2). Calculate the highest common divisor of k and 96.
8
Suppose -508 = -5*i - 83. Suppose 5*c = 4*p - 35, -368*c + 363*c + 5 = 0. Calculate the highest common divisor of i and p.
5
Suppose -n + 33 = -3*y, -2*n + 2*y + 22 = -24. What is the highest common divisor of 39 and n?
3
Let x = 15 - -141. Suppose -17*r = 23*r - 960. Calculate the highest common divisor of x and r.
12
Let q = 35 - 24. Suppose -q*o + 6*o = -45. Suppose 385 = 5*r - 4*j, 0 = -0*j + 4*j - 20. What is the greatest common factor of r and o?
9
Suppose -61 = -2*d + 75. Let s be (-6 - -5) + (-58)/(-319) + 392/22. Calculate the highest common factor of d and s.
17
Let n(g) = -82*g + 12. Let w be n(6). Let x be (15/(-4))/((-36)/w). Let q be ((-6)/(-15))/((-4)/x). What is the highest common factor of 35 and q?
5
Suppose -4*b - 1278 = 6*f - 7*f, 2*f - 2611 = -3*b. What is the highest common divisor of 590 and f?
118
Suppose -o - 4*o = 4*m + 135, -m = 2*o + 33. Let t = m + 48. Let k = t + -6. Calculate the greatest common factor of k and 1.
1
Let n(c) = c**2 - 17*c - 100. Let v be n(22). Suppose -5*w + 4*x - v = -0*w, -2*x + 14 = 2*w. What is the highest common divisor of 62 and w?
2
Suppose -28563*d + 28636*d - 2555 = 0. Let x(i) = i + 1085. Let z be x(0). What is the highest common factor of d and z?
35
Let h be (6/3 + -14)*12782/(-332). Calculate the highest common factor of 759 and h.
33
Let w be (-70)/(-8) + 5/20. Suppose -27 = 2*o - w. Let b(i) = -i**3 - 7*i**2 + 3*i + 9. Let c be b(o). What is the greatest common divisor of 16 and c?
16
Let p be -7 + 0 + (1 + 532/(-16))*-4. Suppose 4*b + 264 = -5*g - 0*g, 2*g = -2*b - 132. Let z = p + b. What is the highest common divisor of 28 and z?
28
Suppose 5*b - c = 54, 5*b - 43 = 4*c + 23. Let x = -13 + 17. Suppose -440 = -x*s - 0*s. What is the highest common divisor of b and s?
10
Suppose 25*r - 5948 = -2*y + 20*r, -5*y - 5*r = -14840. Calculate the greatest common factor of y and 624.
156
Suppose -788 = 5*m + 14*w - 10*w, -4*w = 8. Let f = -93 - m. Let v(c) = 14*c. Let j be v(3). What is the greatest common divisor of f and j?
21
Let d(m) = -35*m - 160. Suppose -5 = -3*q + 4*v, -5*q + 5*v - 5 = v. Let f be d(q). What is the highest common factor of 60 and f?
15
Suppose 0*g - 20 = -4*g, -4*v + 243 = 3*g. Let s(a) = -a - 4. Let y be s(1). Let o be ((-5)/y - -18)/(2/4). What is the greatest common divisor of o and v?
19
Let n(u) = 1541*u + 45. Let i be n(10). Calculate the highest common divisor of 55 and i.
55
Let d be (0 - 1)/(4*(-4)/80). Suppose -3 = p, -4*p = -9*i + d*i + 336. Let g = -69 + i. Calculate the highest common divisor of 54 and g.
6
Let g(v) = -61*v**2. Let i be g(-1). Suppose 178 = -8*q + 10*q. Let z = q + i. Calculate the highest common divisor of 42 and z.
14
Let t = 847 + -405. Suppose 2*o = 5*k - 168, -14*o + 14*o - 5 = -5*o. Calculate the greatest common divisor of t and k.
34
Suppose 0 = -s + 5*s. Suppose s = -3*v - 2*v - 5. Let g be (21 + 2/2)/(-2)*v. Calculate the greatest common divisor of g and 121.
11
Suppose -2*f = -4*f + 6. Let t be (-2)/f*(-2 - 1). Suppose -812*u = -810*u - 6. What is the greatest common factor of u and t?
1
Let f = 4436 + -3692. Calculate the highest common divisor of f and 465.
93
Let m(q) = -2*q**2 - 23 + 23 - 44*q. Let u be m(-22). Suppose 4*p + 4*j = 8, u = 5*p + j - 0*j - 10. Calculate the highest common factor of 22 and p.
2
Let r be (-2965)/(-2) + 14/16 + (-240)/(-384). What is the highest common divisor of 140 and r?
28
Let g = -1058 - -1094. Calculate the highest common divisor of 243 and g.
9
Let m(h) = 13*h**2 - 63*h - 4. Let b be m(6). Suppose -3 = u - 304. Calculate the highest common divisor of b and u.
43
Let r(c) = 52*c**2 - 23*c - 71. Let w be r(-11). What is the greatest common divisor of 26 and w?
26
Suppose 23*f - 20*f = -j + 209, 5*f - 6*j - 402 = 0. What is the highest common divisor of f and 9192?
24
Let u = -11983 - -12292. What is the highest common factor of u and 3811?
103
Suppose -285*o - 319*o + 581*o + 45333 = 0. What is the highest common factor of o and 108?
27
Let u be 211*1/(0 + -1). Let r = u - -108. Let c = -38 - r. Calculate the highest common divisor of 13 and c.
13
Suppose 4*x + 0*x = 3720. Suppose -48551 = -2735*r + 33499. Calculate the greatest common factor of r and x.
30
Let j = 58111 + -35822. Calculate the highest common divisor of j and 62.
31
Suppose l = -20*g + 22*g - 1485, -729 = -g + 2*l. Calculate the highest common factor of 1079 and g.
83
Let b(f) = 19*f**2 + 1. Let s be b(-1). Let z = s - -68. Suppose -54*o = -48*o - 48. What is the highest common divisor of o and z?
8
Let o be (-368)/(-14) + (-8)/28. Suppose 4*p = 4*l - 124, 22*l + 58 = 25*l + 4*p. Calculate the highest common factor of l and o.
26
Suppose -9*h - 3614 = -9464. Suppose -12*v + h = -358. Calculate the highest common factor of v and 224.
28
Let p = -73 + 75. Suppose -t - 6*y = -p*y - 17, 5*t - 104 = -y. Calculate the highest common factor of t and 9.
3
Suppose 43*o - 17*o - 10738 = 0. Suppose -105 - o = -a. What is the highest common factor of 14 and a?
14
Let i = -22643 + 36659. What is the highest common factor of 60 and i?
12
Suppose 6*u - 433 = -223. Suppose -217 = 5*v + j - 74, -4*v = 5*j + 127. Let p = u + v. Calculate the greatest common divisor of p and 56.
7
Let q be (69/4)/((-4)/(-6) - (-42)/(-72)). Calculate the greatest common factor of 4416 and q.
69
Let o be ((-6)/(-4))/(-9 - (-76)/8). Suppose -o*u + 80 = 38. Suppose 0 = 3*h + 11*h - u. Calculate the greatest common factor of h and 1.
1
Suppose -9000 = 134*o - 384*o. Suppose -3 = -d, -c + 153 = 4*d - 7*d. What is the greatest common divisor of o and c?
18
Let s be 12/(-9)*(-228)/8. Let f = -3 + s. Suppose 48*c = 53*c - f. What is the highest common divisor of c and 49?
7
Let k = -7626 + 7635. What is the highest common factor of k and 18?
9
Let r(w) = -w**3 + 11*w**2 - 19*w + 18. Let t be r(8). Let u = -60 + 13